composite number?
True
Is 7888687 a composite number?
True
Is 198641513 prime?
False
Is 9557671 composite?
True
Is 1034117593 a prime number?
True
Is 2046553 a prime number?
True
Is 158715653 prime?
True
Is 4666057 a composite number?
True
Is 8403793 composite?
True
Is 23214931 prime?
True
Is 6781927 prime?
False
Is 436498 a prime number?
False
Is 3865283 prime?
True
Is 163061677 composite?
False
Is 1038545 a prime number?
False
Is 4507949 a prime number?
True
Is 1809749 a prime number?
False
Is 12100637 composite?
False
Is 8280721 prime?
True
Is 139340719 a composite number?
True
Is 18974497 composite?
True
Is 915221 prime?
True
Is 1109347 a composite number?
False
Is 3183365 prime?
False
Is 668193 prime?
False
Is 139803647 a prime number?
False
Is 940243 prime?
False
Is 658751 a prime number?
True
Is 356023 composite?
False
Is 9619409 prime?
True
Is 10498999 a prime number?
False
Is 2499853 prime?
True
Is 71900441 a composite number?
True
Is 280961 a composite number?
True
Is 139339682 a prime number?
False
Is 506837 composite?
False
Is 42152107 a prime number?
True
Is 1808038 prime?
False
Is 7128679 composite?
True
Is 5600297 a prime number?
True
Is 499007401 a composite number?
False
Is 41389279 composite?
False
Is 6746651 prime?
True
Is 104687783 prime?
True
Is 44440883 prime?
True
Is 63163307 a composite number?
False
Is 22179791 a composite number?
False
Is 9255661 a composite number?
True
Is 1753139 a prime number?
True
Is 381114647 a prime number?
False
Is 4457045 composite?
True
Is 1517601 composite?
True
Is 1646863 a prime number?
False
Is 10588447 a prime number?
True
Is 4778239 prime?
False
Is 585427 a composite number?
True
Is 29641 composite?
False
Is 17365489 composite?
False
Is 1453351 prime?
False
Is 283168147 a composite number?
False
Is 125166043 a prime number?
True
Is 6084121 a composite number?
True
Is 3925823 prime?
False
Is 5251561 prime?
False
Is 1575202 prime?
False
Is 43519367 a composite number?
True
Is 23852341 a prime number?
False
Is 9267449 a prime number?
True
Is 989719 composite?
False
Is 168648203 a composite number?
False
Is 14231617 a prime number?
True
Is 28449353 prime?
True
Is 1771249 prime?
False
Is 10329163 prime?
False
Is 31788947 composite?
False
Is 37817387 composite?
True
Is 218457397 a prime number?
False
Is 20191601 a composite number?
True
Is 4995643 a composite number?
False
Is 1484803 prime?
True
Is 8623 a composite number?
False
Is 44775897 a composite number?
True
Is 258981763 composite?
True
Is 946382 a prime number?
False
Is 13975483 prime?
True
Is 145901269 a prime number?
False
Is 450560771 prime?
True
Is 2820368141 a prime number?
True
Is 81627079 prime?
True
Is 11485967 composite?
False
Is 3676667 prime?
True
Is 13436833 prime?
True
Is 916831 a prime number?
True
Is 183474691 composite?
False
Is 732765934 a composite number?
True
Is 364187843 a composite number?
False
Is 3488119 a prime number?
True
Is 71830531 a prime number?
True
Is 57064807 composite?
False
Is 53647331 prime?
False
Is 406519 a composite number?
True
Is 1355573 composite?
False
Is 6950927 a prime number?
True
Is 5534993 a composite number?
False
Is 19857647 composite?
True
Is 29312113 a composite number?
False
Is 28256687 a prime number?
True
Is 67136923 a prime number?
False
Is 542987 composite?
False
Is 24962899 prime?
False
Is 4602457 prime?
False
Is 282972503 prime?
False
Is 5183359 composite?
True
Is 2309613409 composite?
True
Is 98526971 prime?
True
Is 2252453 a prime number?
False
Is 952017095 composite?
True
Is 30477217 a composite number?
True
Is 655505 a prime number?
False
Is 3672907 composite?
True
Is 10626969 composite?
True
Is 24342119 prime?
False
Is 543485171 a composite number?
False
Is 871159 a composite number?
False
Is 10038757 prime?
False
Is 3161273 a prime number?
True
Is 26061811 a prime number?
True
Is 7019833 composite?
False
Is 1730299 a composite number?
False
Is 611509 prime?
False
Is 978973 a prime number?
True
Is 356489981 a prime number?
True
Is 19475329 composite?
False
Is 174220957 composite?
False
Is 7547054 a prime number?
False
Is 1841891 prime?
True
Is 336288761 a prime number?
False
Is 35837443 a composite number?
True
Is 2273729 a prime number?
True
Is 149367587 prime?
False
Is 6103087 composite?
False
Is 1368597791 composite?
True
Is 25381106 a composite number?
True
Is 19076531 a prime number?
True
Is 132669611 composite?
True
Is 24753133 composite?
True
Is 36391367 a prime number?
False
Is 1789649 prime?
True
Is 23722889 a prime number?
True
Is 225964481 composite?
True
Is 1156223 a composite number?
True
Is 8619791 composite?
False
Is 470138969 composite?
True
Is 1525755383 prime?
True
Is 243534553 prime?
True
Is 29580667 a composite number?
True
Is 4838279 a composite number?
False
Is 853319 a prime number?
True
Is 24785989 a composite number?
True
Is 8454427 a composite number?
True
Is 1597417 a composite number?
False
Is 51521627 a prime number?
True
Is 83534419 a composite number?
True
Is 16673081 a composite number?
False
Is 2978147 composite?
False
Is 19806791 a prime number?
True
Is 1348483 a composite number?
False
Is 180033394 a prime number?
False
Is 222317587 a prime number?
True
Is 14402109 a composite number?
True
Is 7189491 a composite number?
True
Is 136119463 prime?
True
Is 1172033 prime?
False
Is 49883291 prime?
True
Is 955871443 a composite number?
False
Is 1896407 composite?
False
Is 66839219 composite?
True
Is 1383449 a composite number?
False
Is 3570659 composite?
False
Is 18284257 composite?
False
Is 2124829 prime?
False
Is 18847663 composite?
False
Is 460440133 prime?
False
Is 334525613 composite?
True
Is 500291 a prime number?
False
Is 16319846 a composite number?
True
Is 25692701 prime?
True
Is 9353209 prime?
True
Is 6671377 composite?
False
Is 13107539 a composite number?
True
Is 176179765 prime?
False
Is 961133 a composite number?
False
Is 4753877 a prime number?
True
Is 112701487 a prime number?
False
Is 10700257 a prime number?
True
Is 19654793 a prime number?
True
Is 1746821 composite?
False
Is 858953 a prime number?
True
Is 12403753 a composite number?
False
Is 3861643 a composite number?
True
Is 63772343 a composite number?
True
Is 97189831 a composite number?
True
Is 19772057 prime?
True
Is 4431551 a composite number?
False
Is 607037 composite?
False
Is 382225835 prime?
False
Is 30861431 prime?
True
Is 295429817 a prime number?
True
Is 6286837 a composite number?
True
Is 24488917 a composite number?
True
Is 1597331 a composite number?
False
Is 9439082 a prime number?
False
Is 286201429 composite?
False
Is 3340073 composite?
True
Is 394631 a prime number?
True
Is 1686809 prime?
False
Is 87269597 prime?
True
Is 2013757 a composite number?
False
Is 51231407 composite?
True
Is 2458633 a prime number?
True
Is 7614241 composite?
True
Is 28387627 prime?
True
Is 318667 a composite number?
True
Is 25940357 a composite number?
False
Is 67994827 composite?
False
Is 3931231 a prime number?
True
Is 233213627 a composite number?
True
Is 3548563 prime?
False
Is 58890131 prime?
True
Is 217728887 composite?
False
Is 513600653 composite?
True
Is 58670509 composite?
True
Is 5988407 a composite number?
True
Is 977187 prime?
False
Is 1228567 a prime number?
True
Is 96690697 a prime number?
True
Is 13534139 a composite number?
False
Is 64719439 a composite number?
False
Is 393253039 a composite number?
False
Is 4383517 composite?
True
Is 2526631 a prime number?
True
Is 7668079 a composite number?
False
Is 164498863 a composite number?
False
Is 1385639 a prime number?
False
Is 1529353 composite?
True
Is 330471311 a composite number?
True
Is 138954791 a composite number?
False
Is 3887641 composite?
False
Is 25152046 composite?
True
Is 1513979 composite?
True
Is 6133411 composite?
False
Is 20575951 composite?
True
Is 580607 prime?
True
Is 2544887 a prime number?
True
Is 140894777 a prime number?
True
Is 5541985 composite?
True
Is 147873629 a composite number?
False
Is 17834603 prime?
False
Is 7563119 prime?
False
Is 9434567 composite?
False
Is 1302134 prime?
False
Is 103450051 composite?
False
Is 91818563 a prime number?
True
Is 159085009 prime?
True
Is 60859 prime?
True
Is 995074 composite?
True
Is 1225373 a composite number?
False
Is 18356801 composite?
Fals